= c(l) + 4*o(l). Calculate the remainder when (-3)/((-3)/2) - (29 - 63) is divided by t(6).
10
Suppose 5*y + 3*o = 59, 4*o + o - 55 = -5*y. Suppose -4*t - 2*l = -188, 0 = 5*t - 3*l + 48 - 239. What is the remainder when t is divided by y?
4
Let r(k) = k**2 + 10*k + 21. Suppose -6*h - 16 = -4*h. Calculate the remainder when 8 is divided by r(h).
3
Let y(h) = 73*h - 62. Calculate the remainder when y(5) is divided by 61.
59
Let w(t) = -t**3 + 5*t**2 + 5*t + 4. Suppose -3*y = -19*y + 160. What is the remainder when w(5) is divided by y?
9
What is the remainder when 157 is divided by (26/4)/13*162?
76
What is the remainder when 117 is divided by 1*(4 - -30 - -6)?
37
Let x be 246 - (8/(-2) + 5). Suppose 4*m - 111 - 85 = -3*q, -5*m - 5*q + x = 0. What is the remainder when 145 is divided by m?
47
Let j(t) = -t**3 - t**2 - 6. Let s be j(0). Let d(v) = 2*v**3 + 13*v**2 + 4*v - 5. What is the remainder when 10 is divided by d(s)?
3
Let c(v) = 24*v + 1. Let a be c(3). Let s = -25 + a. What is the remainder when s is divided by 25?
23
Suppose -43 = -s + 5*r, 2*r + 41 + 41 = 4*s. Let i(k) = k + 15. What is the remainder when s is divided by i(-10)?
3
Let f = -27 + 31. Let l(a) = a**3 - 5*a**2 + 10*a - 3. Calculate the remainder when 38 is divided by l(f).
17
Let x(s) = 7*s + 29. Calculate the remainder when 81 is divided by x(0).
23
Suppose 2*t - 3*s - 6 - 34 = 0, 4*t + 4*s - 100 = 0. Let v = 36 + t. Let x = 87 - v. Calculate the remainder when x is divided by 10.
8
Suppose -2*d + 21 = -3*d + 4*h, 5*d + 5*h + 5 = 0. Let a = 5 + d. Suppose 2*i - 28 = -a*i. Calculate the remainder when 38 is divided by i.
10
Suppose 5*r - 507 = 258. Calculate the remainder when r is divided by (-91)/(-3) + (-4)/(-6).
29
Let i(m) = -m**3 - 2*m**2 - 5*m - 15. Calculate the remainder when 1476 is divided by i(-4).
33
Let c(h) = h**2 + h + 1. Let a be (126/26 - (-6)/39)*1. Let g(r) = 6*r - 23. What is the remainder when g(a) is divided by c(-2)?
1
Let x = 1799 + -1584. What is the remainder when x is divided by 31?
29
Suppose 5*m = -4*y + 626, -4*y + 0*m = m - 634. What is the remainder when y is divided by 40?
39
Suppose -4*f - 21 = -r, -f = 3*r + 2 - 0. Calculate the remainder when 80 is divided by -14*(4 - f/(-2) - 3).
17
Suppose -14*c + 2240 = -196. Calculate the remainder when c is divided by 8.
6
Let v(p) be the first derivative of p**4/4 + 10*p**3/3 + 13*p**2/2 + 7*p - 32. What is the remainder when v(-8) is divided by 6?
1
Let r be -5*(-2)/((-4)/(-2)). Let i be 1/(7/14*1/2). Suppose i*j + 44 = r*j. What is the remainder when j is divided by 23?
21
Suppose -3*l = 3*l - 162. Calculate the remainder when 106 is divided by l.
25
Suppose -5*t + 35 + 25 = 5*h, -t + h + 4 = 0. Suppose t*u = 5*u + 9. Calculate the remainder when 4 is divided by u.
1
Suppose 0 = -0*w - 13*w + 156. Calculate the remainder when 383 is divided by w.
11
What is the remainder when 201 is divided by -1 + 4 - (-5 - 11)/4?
5
Let h = 342 + -293. What is the remainder when h is divided by 31?
18
Suppose 4*b - m - 4*m - 17 = 0, -5*m + 7 = 4*b. Suppose -2*t = -b*y + 138 + 65, 252 = 4*y + 2*t. Let w = 69 - 47. What is the remainder when y is divided by w?
21
Suppose 0 = 75*g - 1825 - 1325. Calculate the remainder when 164 is divided by g.
38
Let r = -2327 + 2746. What is the remainder when r is divided by 136?
11
Let c be (1 - (2 + 0)) + 23. Suppose -w + c = z - 0*w, 3*w = 3*z - 72. Suppose 42*o = 34*o + 104. Calculate the remainder when z is divided by o.
10
Suppose 87*c - 19751 = -2003. Calculate the remainder when c is divided by 52.
48
Suppose -5*t + 42 = -3*p - 13, 0 = 3*p + 4*t + 10. Let s(y) = -y**3 - 9*y**2 + 9*y + 9. What is the remainder when 75 is divided by s(p)?
18
Let k = 9 + -20. What is the remainder when 7 is divided by (2/(-3))/(k/66)?
3
Let h(v) be the first derivative of v**3/3 - 3*v**2/2 - 9*v + 2. What is the remainder when h(-4) is divided by 6/(-8) - 94/(-8)?
8
Suppose 13 - 9 = -4*s, -4*s = 5*m - 486. Suppose -3*t + 47 = -31. Calculate the remainder when m is divided by t.
20
Suppose f = 3*f - 4. Suppose -4*x + 2*b + 181 = -3*b, -10 = f*b. Calculate the remainder when x is divided by 21.
18
Let f(s) = -2*s - 7. Let y be f(-6). Suppose -y*z = -10*z + 45. Calculate the remainder when 41 is divided by z.
5
Suppose -3*k = -5*o - 191, k + 4*o = -3*k + 276. Calculate the remainder when k is divided by 21.
4
Let c(w) = 3*w**2 + 17*w + 13. What is the remainder when c(6) is divided by 60?
43
Suppose -5*c + 2*k + 20 + 11 = 0, -k + 12 = 3*c. Suppose s - 5 = -2*h + 12, -2*h + c*s + 11 = 0. What is the remainder when ((-2)/((-6)/141))/1 is divided by h?
7
Suppose 14*c - 30 + 2 = 0. Suppose 25 = 5*t, 0*t = c*a + t - 39. What is the remainder when 49 is divided by a?
15
Suppose 18 = 3*t - 3*s - 54, 2*s = -3*t + 62. Calculate the remainder when 83 is divided by t.
17
What is the remainder when 33 - 13 - (4 - 3)/1 is divided by 6?
1
Suppose 52*r + 14*r - 1452 = 0. What is the remainder when 38 is divided by r?
16
Suppose 8 = 4*m, -4*u + 4*m = -6*u + 26. Calculate the remainder when 42 is divided by u.
6
Suppose 0 = 10*y + 667 - 2147. What is the remainder when y is divided by 27?
13
Suppose -3*u = 2*u - 75. Suppose 4*h + 420 = 7*h. Let r = -96 + h. What is the remainder when r is divided by u?
14
Let h(z) = -5*z + 29. Let l be h(5). Suppose -4*m + 2*u = -30, 0 = -l*m - 5*u + 57 - 6. Calculate the remainder when 13 is divided by m.
4
Let a(l) = -4*l**2 + 17*l + 7. Let z(x) = -2*x**2 + 9*x + 4. Let s(q) = -3*a(q) + 5*z(q). What is the remainder when s(5) is divided by 30/9 + 4/6?
3
Let w = -1 - -1. Suppose 34 = 2*f - w*f. Let j = -17515 + 17519. What is the remainder when f is divided by j?
1
Let u be ((-4)/6)/((-12)/126). Suppose -u*r + 5*r + 6 = 0. Calculate the remainder when 10 is divided by r.
1
Suppose 13*p = -11*p + 816. Let c(w) = -w**2 + 6*w - 1. Calculate the remainder when p is divided by c(5).
2
Suppose -4*x + v = -104, -3*x = 2*v - 56 - 11. Suppose 2*o = 2*f - 22, 5*f - 2*o - x = 36. Calculate the remainder when f is divided by 8.
5
Let t(i) = i - 8. Let n be t(10). What is the remainder when (n + 0/(-1))*12 is divided by 9?
6
Suppose 6*p - 2 = 4. Calculate the remainder when (-1067)/(-44) + p/(-4) is divided by 3.
0
Let x = 197 + -115. Let r(n) = -3*n - 1. Let u be r(-1). Let k(z) = 5*z**2 + z - 1. What is the remainder when x is divided by k(u)?
19
Let m(j) = j**2 - 10. Let g = 23 + -54. Let f = g - -37. What is the remainder when 75 is divided by m(f)?
23
Suppose 123 = 19*y - 238. What is the remainder when 26 is divided by y?
7
Suppose 26 = 6*p + 74. Suppose 5*i + 16 + 14 = 0. Calculate the remainder when 37 is divided by (p/i)/(3/45).
17
Let b be (15/30)/(2/(-8)). What is the remainder when (-26)/(-4) + b/4 is divided by 3?
0
Suppose -4*v = 3*d - 73, 0 = 2*v - 0*v - 4*d - 20. Let l = v + -12. Suppose l*i + i - 28 = -3*u, -4*i + 20 = 0. Calculate the remainder when 1 is divided by u.
0
Let y = 23 - 27. Let u(w) = w**2 - w + 1. Calculate the remainder when u(y) is divided by 11.
10
Let n(s) = 33*s. Let z be n(2). Calculate the remainder when (3/6)/(1/z) is divided by (-984)/(-54) + 2/(-27)*3.
15
Let l(g) = -6*g**3 - 5*g**2 + 8*g. Let o(w) = -11*w**3 - 9*w**2 + 15*w + 1. Let y(n) = -7*l(n) + 4*o(n). Calculate the remainder when y(-3) is divided by 14.
9
Let x(m) = -3*m + 2. Let a = -6 - -8. Suppose 2*k + 13 = a*w - k, 3*w + 3*k = 27. What is the remainder when x(-4) is divided by w?
6
Let p(m) = -3*m**2 + 8*m + 11. Let d(y) = -y**2 - y. Let w(t) = 4*d(t) - p(t). Calculate the remainder when 46 is divided by w(-6).
21
Suppose 4*c = -l + 285, -2*l + 282 = 2*c + 2*c. What is the remainder when 934 is divided by c?
70
Let a(w) = -w**3 - w**2 + 4*w + 2. Suppose 2 = -z - 1. Calculate the remainder when 23 is divided by a(z).
7
Suppose -v - 10*v = -803. What is the remainder when v is divided by 15?
13
Suppose 13 = 3*r - 53. What is the remainder when r is divided by 9?
4
Let c = -274 - -292. Calculate the remainder when 67 is divided by c.
13
Suppose -596 = -4*z - 2*n, 5*z - 3*z - 298 = 3*n. Calculate the remainder when z is divided by 28.
9
Suppose -3*v + 67 = 25. Suppose 0 = -7*a + 58 - 16. What is the remainder when v is divided by a?
2
Let x = 25 + -59. Let j = 56 + x. Calculate the r